112020
Convert -13989cc (base 13) to base 3.
-102200212010100
1637748 (base 14) to base 4
221203101110
What is -12102122202 (base 3) in base 4?
-122012201
Convert -2194c7 (base 13) to base 4.
-3001103033
Convert 120133202 (base 4) to base 6.
2052242
11010020010212 (base 3) to base 16
2167eb
What is 2322313230 (base 4) in base 11?
483087
-2120121112112 (base 3) to base 12
-560b1b
Convert 1c9b4ac (base 13) to base 10.
9564359
What is -c0109c (base 14) in base 4?
-120220113002
-10361614 (base 7) to base 16
-d90ba
What is -4018527 (base 9) in base 11?
-1230830
What is -102b63 (base 12) in base 13?
-8b785
23412340 (base 5) to base 2
110100111000010011
Convert -1207711 (base 9) to base 5.
-131431334
-97958 (base 14) to base 5
-43214134
What is -3395a9 (base 13) in base 9?
-2258860
-6217411 (base 8) to base 4
-12101330021
What is 100100100100000010110 (base 2) in base 4?
10210200112
Convert 4480532 (base 9) to base 8.
11154442
What is 100000001001111101111 (base 2) in base 8?
4011757
What is 105a7a9 (base 11) in base 4?
13011313202
What is -2202022121 (base 3) in base 13?
-1b877
Convert -47650 (base 15) to base 11.
-145a64
-103212105 (base 6) to base 4
-13000131221
Convert 10100100011110010 (base 2) to base 12.
40896
Convert 222415 (base 10) to base 16.
364cf
-11202311020 (base 4) to base 9
-2654601
Convert -26037 (base 14) to base 6.
-2000053
What is -658137 (base 9) in base 16?
-5ff56
Convert -11022204 (base 5) to base 3.
-11211201210
Convert -1034654 (base 7) to base 4.
-132321131
Convert 1316422 (base 7) to base 13.
6081a
-7205250 (base 9) to base 4
-32221333311
-3411855 (base 9) to base 8
-7006653
What is 29368 (base 15) in base 13?
48356
Convert -1202110212 (base 3) to base 15.
-a3c5
-81b2a (base 15) to base 10
-410890
Convert -1051433 (base 8) to base 9.
-471700
Convert 6711203 (base 8) to base 13.
4b3625
What is 23122242 (base 5) in base 13?
73794
What is 3034156 (base 8) in base 2?
11000011100001101110
167b (base 15) to base 4
1023221
What is -3124062 (base 7) in base 10?
-375972
Convert -22323232030 (base 4) to base 2.
-1010111011101110001100
What is -60d51 (base 14) in base 15?
-49110
Convert -9cb25 (base 13) to base 11.
-185397
283ad (base 16) to base 10
164781
-17752022 (base 8) to base 14
-7ac61c
-335202 (base 6) to base 14
-a4a6
40667 (base 9) to base 3
1100202021
-848553 (base 9) to base 11
-31539a
6233734 (base 8) to base 5
410341300
Convert 3113323 (base 5) to base 10.
51088
-1295ca (base 16) to base 10
-1217994
What is 11013112021 (base 4) in base 2?
101000111010110001001
Convert -4202111344 (base 5) to base 11.
-4964092
What is 231567 (base 8) in base 13?
29a99
What is -13695 (base 10) in base 12?
-7b13
120203020 (base 5) to base 12
22839a
Convert 30402201 (base 5) to base 9.
416050
9188965 (base 10) to base 13
1b99676
3803a59 (base 11) to base 7
110112231
Convert 6314335 (base 7) to base 10.
760261
Convert -371996 (base 10) to base 14.
-997d2
46096 (base 14) to base 9
278487
What is 1724400 (base 9) in base 8?
3525172
What is 5246a1 (base 11) in base 16?
cd3fa
34b720 (base 14) to base 8
6671100
What is 100101101001011000 (base 2) in base 13?
55257
632461 (base 12) to base 4
11330230021
13563536 (base 7) to base 16
137948
Convert 2580272 (base 10) to base 16.
275f30
Convert 83e168 (base 15) to base 6.
342252212
What is 914b (base 16) in base 11?
25a44
Convert -128410 (base 9) to base 16.
-13200
What is -1050a5 (base 12) in base 6?
-5304325
-410295 (base 11) to base 13
-1a1070
What is -225a36 (base 11) in base 5?
-42444123
What is 301022301 (base 4) in base 13?
7088a
-1100010111000000101101 (base 2) to base 4
-30113000231
Convert -664318 (base 16) to base 6.
-355351024
Convert 400114 (base 8) to base 9.
218810
2121102102211 (base 3) to base 6
45413204
What is 2220013312 (base 4) in base 11?
430418
What is 9c204 (base 16) in base 7?
5302260
333043220 (base 5) to base 10
1456060
3139002 (base 10) to base 16
2fe5ba
Convert 10001101001001100111 (base 2) to base 8.
2151147
What is 103195 (base 10) in base 11?
70594
Convert 1125045 (base 6) to base 11.
3a749
Convert -15142362 (base 8) to base 3.
-20111200212211
-5b576 (base 15) to base 2
-1000111001010011110
Convert -1569802 (base 12) to base 4.
-100223031002
-31ca (base 15) to base 9
-15411
225211221 (base 6) to base 9
7754464
Convert -a652b2 (base 12) to base 4.
-22000011212
Convert 38c79 (base 15) to base 8.
542671
3037288 (base 9) to base 7
16523066
What is -806299 (base 13) in base 11?
-1758a09
Convert -15511 (base 15) to base 9.
-114137
What is 1347675 (base 8) in base 7?
3144245
What is 1974b13 (base 13) in base 4?
133331222130
Convert 14711 (base 12) to base 6.
340421
What is -5141a (base 12) in base 13?
-39334
1202601 (base 7) to base 11
a4424
Convert -1112002220211 (base 3) to base 5.
-201343011
What is 11212210001 (base 3) in base 7?
550036
What is 635642 (base 9) in base 10?
378146
What is -672d71 (base 15) in base 3?
-100020222112021
-1593a0 (base 16) to base 14
-28b476
What is 91923 (base 15) in base 6?
13514310
Convert -102100021011 (base 3) to base 7.
-1616632
What is 10012032121 (base 4) in base 8?
4061631
-785176 (base 10) to base 13
-216502
Convert 28634 (base 11) to base 14.
10b89
-b4a409 (base 14) to base 3
-102110210211102
What is -24123502 (base 6) in base 14?
-15a1b0
What is 126021600 (base 7) in base 12?
2878b30
Convert d1229 (base 14) to base 4.
1322230311
What is 5246152 (base 7) in base 2?
10011010101100000111
-1726132 (base 8) to base 2
-1111010110001011010
What is 1dc76 (base 15) in base 6?
2030303
Convert 65121465 (base 7) to base 4.
111023121102
What is 7aa683 (base 11) in base 4?
10322123112
14651311 (base 7) to base 13
3a3840
11000010102000 (base 3) to base 9
4003360
Convert 546686 (base 12) to base 13.
37b29a
1132613 (base 7) to base 15
2c3ee
Convert -53057122 (base 8) to base 5.
-10342440323
What is 1312210210 (base 4) in base 10?
485668
-22112211120220 (base 3) to base 13
-c310c5
Convert -28539 (base 14) to base 12.
-4991b
Convert 3c0687 (base 13) to base 9.
2661566
What is 2073884 (base 10) in base 5?
1012331014
What is -1000011100111101101 (base 2) in base 4?
-1003213231
11333142 (base 5) to base 7
616232
Convert 2112441132 (base 5) to base 14.
831437
Convert 748277 (base 11) to base 15.
189980
Convert -10a67b4 (base 13) to base 7.
-61402215
Convert 1220402 (base 6) to base 15.
1439b
What is -1c7b05 (base 14) in base 13?
-29947a
Convert -23328 (base 13) to base 15.
-14089
Convert -2201026 (base 8) to base 13.
-178932
What is 6d10 (base 16) in base 5?
1343140
What is b1a3d (base 14) in base 8?
1502507
-1240666 (base 7) to base 11
-100134
13c57 (base 15) to base 6
1210044
-101110011000010000 (base 2) to base 3
-100122120212
Convert -3101446 (base 7) to base 2.
-1011010011010010111
What is 3232132 (base 10) in base 5?
1311412012
-660541 (base 9) to base 15
-7bb87
110110011001101101 (base 2) to base 4
312121231
1b063b (base 14) to base 9
1725086
Convert -10200200221 (base 3) to base 12.
-3608a
441210400 (base 5) to base 12
776194
Convert 125553555 (base 6) to base 7.
30260666
275176 (base 8) to base 13
35145
What is 36600632 (base 7) in base 2?
1100100000001101110010
-aee (base 15) to base 8
-4652
49b378 (base 12) to base 9
2231112
Convert 401601 (base 9) to base 12.
b5484
Convert 14032033 (base 6) to base 15.
947d6
What is -1844013 (base 9) in base 4?
-3330030231
Convert -100201201121100 (base 3) to base 13.
-10c0a07
10011101001 (base 3) to base 5
3442421
What is -2222031033 (base 4) in base 11?
-436879
-2532677 (base 8) to base 13
-1b7624
What is -10000202011 (base 3) in base 8?
-164311
-405030 (base 8) to base 15
-29906
Convert -27c8d (base 14) to base 15.
-1e2cc
What is -10050052 (base 6) in base 4?
-1011323300
Convert -1042424032 (base 5) to base 16.
-2343e6
What is 1011011000110100 (base 2) in base 16?
b634
Convert -112012011210 (base 3) to base 10.
-279336
What is 2a362b (base 16) in base 11?
161a470
Convert b2279 (base 12) to base 2.
111000100111111101
What is 2286778 (base 11) in base 16?
3ce6e6
-27357750 (base 8) to base 16
-5ddfe8
What is -2847063 (base 10) in base 4?
-22313011113
What is -a1777 (base 12) in base 14?
-56855
1011101110001 (base 2) to base 8
13561
Convert -32579 (base 13) to base 9.
-147765
85410 (base 12) to base 9
286183